
Let c(w) be the first derivative of 8/3*w**3 + 2*w - w**2 + 9. What is the units digit of c(2)?
0
Suppose 88 = -4*u + 1624. What is the units digit of u?
4
Suppose 5*d = -i - 14, 4*d + 3 = -4*i - 5. Let a(q) = 23*q**3 - q. What is the tens digit of a(i)?
2
Let a(v) = -2*v - 1. Let x be a(-3). Suppose 0 = -2*l + x*l - 39. What is the tens digit of l?
1
Suppose 4*x = -4*y + 3*y + 59, 61 = 5*x - 3*y. Suppose -x*u + 774 = -1662. What is the tens digit of u?
7
Let m(s) be the third derivative of -s**5/60 + 13*s**4/24 - 5*s**3/3 + 2*s**2. Suppose 0 = 4*x + c - 41, -5*c + 32 = 4*x - c. What is the tens digit of m(x)?
1
Suppose -1684 = -20*x + 3836. What is the tens digit of x?
7
What is the thousands digit of (-28342)/(-10) - ((-35)/25)/(-7)?
2
Suppose 3*u + 3*m - 15 = -2*m, 5*u - 25 = -m. Suppose 232 = -3*q + u*q. Let x = q - 80. What is the units digit of x?
6
Suppose -3*z - 3*j + 5 = -5*z, -z + 2*j = 4. Let f = 122 - z. Suppose 4*b - f = b. What is the tens digit of b?
4
Suppose 4*k + 59 - 7 = 0. Suppose -5*r + 112 = -4*u, r - 32 = 3*u + u. Let h = r + k. What is the units digit of h?
7
Let u(i) = 2*i**2 - 23*i - 9. Let c be u(17). Let l = c - 61. What is the hundreds digit of l?
1
Suppose -1048 = -2*o - 0*r - 4*r, -4*r = -2*o + 1040. What is the hundreds digit of o?
5
Let h(a) = a**3 + 8*a**2 + a - 6. Let v(f) = f**2 + 1. Let d(p) = h(p) + v(p). Let n be d(-9). What is the tens digit of (-2 - -1)/(1/n)?
1
Let a = -49 + 364. What is the hundreds digit of a?
3
Suppose 5*g = 0, 4*s - 1 = 3*s + 3*g. What is the tens digit of -4*(s + -1 - 8)?
3
Let o be ((-70)/21)/((-4)/162). Let p = o - -152. What is the units digit of p?
7
Let y = -1971 - -2971. What is the thousands digit of y?
1
Suppose 36*u = 19*u + 28543. What is the tens digit of u?
7
Let d = 25 - 48. Let y be (-2 + 0)/((-8)/(-28)). Let h = y - d. What is the tens digit of h?
1
What is the thousands digit of (-246)/(-8)*8208/81 + 2?
3
Let q(r) = 251*r**3 - 15*r**2 + 7*r - 7. What is the hundreds digit of q(2)?
9
Suppose j + 3*j + 72 = 0. Let a be (-48)/j*(0 - -3). What is the units digit of a/((-4)/(-14) + 0)?
8
Let g(z) = 478*z - 12. What is the hundreds digit of g(2)?
9
Let s = 1060 - 812. What is the hundreds digit of s?
2
Let h(r) = r**2 + 8*r + 20. Let x be h(-5). What is the hundreds digit of 99/1 - (4 + -12 + x)?
1
Let l be (1 + 7)/((3 - 9)/6). Let v(a) = 2*a**2 + 5*a - 5. What is the units digit of v(l)?
3
Suppose j - 522 = 741. What is the units digit of j?
3
Suppose -27*a = -28*a + 448. What is the hundreds digit of a?
4
Let i be -12*((-21)/(-9))/(-7). Suppose -44 = -2*z + i*o, 2*z + 5*o = -0*z + 35. What is the units digit of z?
0
Let l(y) be the first derivative of 2 - 8*y - y**2 + 1/3*y**3. What is the tens digit of l(7)?
2
Suppose 6*h - 157 = -j + 9*h, -660 = -4*j + 4*h. Suppose 2*g = 147 + j. What is the hundreds digit of g?
1
Let p(b) = b**2 - b + 1. Let t be p(2). Suppose 3 = t*z - 2*z. Suppose 0 = -z*u + u + 34. What is the units digit of u?
7
Let w(j) be the first derivative of 2*j**3/3 + j**2 + 4*j + 1. Let h be 4/(-14) - 1/21*78. What is the units digit of w(h)?
8
Suppose -8 = 4*c + 8. Let i = 9 + c. What is the tens digit of (18/i)/(4/20)?
1
What is the tens digit of 1 + (-1177)/(-3) - (-4)/(-12)?
9
Let f = -24 + 25. Let v be -1 + 44 + -4 + f. What is the units digit of (42/(-24))/((-2)/v)?
5
Suppose -5 - 15 = -5*c. Suppose -c*a + 14 = -42. Let n(v) = -v**3 + 13*v**2 + 14*v + 16. What is the tens digit of n(a)?
1
Suppose -4*j - 14 = -2*p + j, 0 = -3*p + 4*j + 14. Suppose 124 = 2*w + p*w. What is the tens digit of w?
3
Suppose -63*h = -68*h + 10. Suppose h*z + 163 = 457. What is the units digit of z?
7
Suppose -4*q + 500 - 36 = 0. Suppose o - 29 = -q. Let l = o - -126. What is the tens digit of l?
3
Suppose 0*a - 28 = -4*a. What is the units digit of (-10)/35 - (-191)/a?
7
Let i(f) be the first derivative of f**4/2 + f**3 - 3*f**2 + 7*f - 24. What is the units digit of i(4)?
9
Suppose 5*v + 17 = 2*z - 4*z, 2*z - 3*v = 23. Suppose 0 = k - 3*m - 2, m + m = 2*k - z. Suppose 3*l - k = 4. What is the units digit of l?
2
Suppose o + 300 = 3*o. Let s = -34 + o. Suppose 0 = -0*i - 5*i + 3*d + s, i - 31 = -2*d. What is the tens digit of i?
2
Let l be (0 - 1)/((-9)/144). Suppose p + l = 5*p. Suppose w - 2*u - 154 = -3*w, 3*w - p*u = 123. What is the units digit of w?
7
Let j be (-125)/(-3) + 4/(-6). Let s = 7 + j. Let r = s + -34. What is the tens digit of r?
1
Let a = 2270 + -336. What is the units digit of a?
4
Let k be 68/4 - 4 - -1. Let g be (-90)/(-7) + 2/k. Let r = g - 9. What is the units digit of r?
4
Let q = -545 - -1126. What is the tens digit of q?
8
Let r = -14 + 20. Suppose r*u = u + 4*j + 16, 11 = 4*u - 5*j. Suppose -u*i - i + 75 = 0. What is the tens digit of i?
1
Let z(k) = 105*k - 4. What is the tens digit of z(2)?
0
Let i(p) = -2*p**2 + 40*p - 8. What is the tens digit of i(11)?
9
Let p = -457 - -997. What is the units digit of p?
0
Let l(d) = 3*d**2 - 41*d - 8. Let h be l(14). Suppose -1281 = -h*n - 69. What is the hundreds digit of n?
2
Let h = -4 - 88. What is the units digit of (-11)/(3 - (1 - 188/h))?
3
What is the units digit of (274*-2)/(19/(-57))?
4
Let j(c) be the third derivative of -c**4/2 - c**3/6 - 6*c**2. Let y = -6 + 4. What is the units digit of j(y)?
3
Let a(x) = 34*x. Let d be -2 + (4 - 10)/(-2). What is the units digit of a(d)?
4
Let v(h) = -h + 37. Let t be v(25). Suppose t + 4 = 2*u. What is the units digit of u?
8
Let i(b) = b**3 + 8*b**2 - 13*b + 14. Let c be i(-10). What is the tens digit of (-3 - c/20) + (-252)/(-10)?
2
Suppose -2*h = -4*n + 3730 - 76, 0 = 2*n + 4*h - 1852. What is the hundreds digit of n?
9
Let y = 2 + -2. Let r(u) = -2*u + 80. What is the units digit of r(y)?
0
Let p(q) = q**3 + 9*q**2 - 10*q. Let z be p(-10). What is the units digit of (z - (-82 - 3)) + (0 - -3)?
8
Suppose -u + 6118 = 22*u. What is the units digit of u?
6
What is the hundreds digit of 76/(-5)*(3 + -13)?
1
Let l(q) be the first derivative of q**2/2 - q + 5. Let f be l(0). Let x(d) = -7*d**3 + 1. What is the units digit of x(f)?
8
Suppose -484*d + 474*d = -14650. What is the hundreds digit of d?
4
Suppose t + 3*v - 79 = 528, 3*t = -3*v + 1851. What is the units digit of t?
2
Let v(k) = 102*k - 31. What is the tens digit of v(11)?
9
Let d(t) be the third derivative of -t**6/120 + 7*t**5/60 - t**4/12 - t**2. Let a = 108 - 103. What is the tens digit of d(a)?
4
Suppose 4*b - 12723 = -3*d, 86*b - 81*b - 15890 = -d. What is the thousands digit of b?
3
Let p(a) = -2*a**3 + 9*a**2 + 24*a + 71. What is the tens digit of p(-8)?
7
Let h = -306 - -754. Suppose 3*n - h + 94 = 0. What is the units digit of n?
8
Let b(w) = w**2 + 71. Let o = 36 - 36. What is the tens digit of b(o)?
7
Let w = 38 + -34. What is the tens digit of (-1416)/(-16) - 2/w?
8
Let a = -41 - -81. Suppose 529*s + 405 = 534*s. Let x = s - a. What is the tens digit of x?
4
What is the tens digit of 571 + -6 + 7 - -2?
7
Let m(y) = -y**3 - 18*y**2 - 13*y + 90. What is the hundreds digit of m(-19)?
6
What is the hundreds digit of (-9)/((-30)/5120*4)?
3
Suppose 0 = o - 63 - 140. Suppose 0*v + 5*k = 5*v - 325, 0 = -3*v + 5*k + o. What is the units digit of v?
1
What is the units digit of 20776/40 - (-9)/15?
0
Let g be (3*-7)/(105/55 + -2). Let z = 342 - g. What is the hundreds digit of z?
1
Let p be (-24)/30*(-30)/(-4). Let s = 6 + p. Suppose s = -c + 24 + 4. What is the tens digit of c?
2
Let m(n) = -2 - 6 + 2 - 3*n - 5. Let k be -2 - 3 - (6 + -3). What is the units digit of m(k)?
3
Let d = 1030 + -540. What is the units digit of d?
0
Suppose 4*m - 294 = 3678. What is the hundreds digit of m?
9
Let o = -10 - -10. Suppose o*s - 14 = s. Let w = 51 + s. What is the tens digit of w?
3
Suppose 2*f = 4*l + 8 - 2, -2*f - 5*l - 12 = 0. What is the tens digit of f/(-2)*92 + 3?
4
Let z be (144/27)/(2/3). Let l(y) = -z - 6*y**2 + 4*y**2 + 2*y - 13*y + y**2. What is the tens digit of l(-8)?
1
Let u(f) = -2*f**3 - 2*f**2 + 3*f + 3. Let b be u(-2). Suppose -k + 24 = -b*d, 3*d + 0 = -2*k - 4. What is the units digit of (-63)/(-1) - (4 - k)?
3
Suppose 5*n = -10 + 35. Suppose -5*x = 3*g - 8*g - 350, 210 = 3*x - n*g. What is the tens digit of x?
7
Let t be ((-10)/7)/(29/203). Let j(l) = -20*l - 35. What is the units d